137 a prime number?
False
Is 151153237 composite?
False
Is 13177789 composite?
False
Is 11925557 composite?
True
Is 163561661 composite?
False
Is 2656217 a prime number?
False
Is 1064629 prime?
True
Is 5054383 a prime number?
True
Is 1117673 a prime number?
True
Is 53241047 prime?
True
Is 5107997 a composite number?
False
Is 8903171 prime?
False
Is 12675161 prime?
True
Is 452886317 prime?
False
Is 59263 composite?
False
Is 136614353 a prime number?
True
Is 3234811 a composite number?
True
Is 176379787 a composite number?
False
Is 121836421 a composite number?
True
Is 13830523 composite?
True
Is 365947997 a composite number?
True
Is 7012829 prime?
True
Is 155601857 a prime number?
False
Is 3049723 a prime number?
True
Is 3353161 composite?
True
Is 1369394617 a composite number?
False
Is 9614909 a prime number?
True
Is 7710947 a composite number?
False
Is 339617687 composite?
True
Is 68895149 a composite number?
False
Is 11211623 a prime number?
True
Is 55450517 composite?
False
Is 60157 a prime number?
False
Is 8044705 composite?
True
Is 9412343 a prime number?
True
Is 16441583 a composite number?
False
Is 4746089 a prime number?
True
Is 30101321 a prime number?
True
Is 705068363 prime?
True
Is 269193755 composite?
True
Is 38685341 prime?
True
Is 81272693 a prime number?
True
Is 3341363 a prime number?
True
Is 88541863 a prime number?
True
Is 2771269 a composite number?
True
Is 13036999 a composite number?
False
Is 2333729 prime?
False
Is 103433279 prime?
True
Is 1528061 composite?
False
Is 107175697 composite?
True
Is 122332937 prime?
True
Is 199887 prime?
False
Is 7802767 a composite number?
True
Is 5131967 a composite number?
True
Is 3562627 a prime number?
True
Is 119378683 prime?
False
Is 19549454 a composite number?
True
Is 703169 a composite number?
False
Is 924961 composite?
False
Is 2791051 a prime number?
True
Is 211963 prime?
False
Is 88890551 prime?
False
Is 207545311 a composite number?
True
Is 392163521 prime?
True
Is 13113601 a composite number?
False
Is 1611893 a prime number?
False
Is 5574641 a composite number?
True
Is 13805401 prime?
True
Is 925913 a prime number?
True
Is 8759801 composite?
True
Is 373663 a composite number?
True
Is 766243 a prime number?
False
Is 2776621 a prime number?
True
Is 2003651 a prime number?
False
Is 71129023 a composite number?
True
Is 8369489 prime?
True
Is 1272511 a composite number?
True
Is 50489701 a prime number?
True
Is 138995071 prime?
True
Is 401175281 composite?
True
Is 1125149 composite?
True
Is 1469827 prime?
False
Is 134299069 a composite number?
True
Is 152324441 a composite number?
False
Is 25348541 prime?
True
Is 41416799 a prime number?
False
Is 4891823 a prime number?
True
Is 16671943 prime?
False
Is 8709793 a composite number?
False
Is 2245255 a prime number?
False
Is 275111 a composite number?
True
Is 77754527 composite?
False
Is 8468783 prime?
False
Is 1349905 a composite number?
True
Is 11469971 a composite number?
False
Is 109933043 prime?
False
Is 351766351 prime?
False
Is 704947 composite?
False
Is 247050473 a prime number?
True
Is 34936987 composite?
True
Is 842938 composite?
True
Is 102893473 composite?
False
Is 5873921 a prime number?
False
Is 29312609 a composite number?
False
Is 29895133 prime?
False
Is 2239177 a prime number?
False
Is 316565401 prime?
True
Is 5386471 a composite number?
False
Is 21200279 prime?
True
Is 4618435 a composite number?
True
Is 343037 composite?
False
Is 3406147 prime?
True
Is 138101179 a composite number?
False
Is 9434651 a composite number?
True
Is 79821821 a composite number?
True
Is 1542431 a prime number?
False
Is 1020931 a composite number?
False
Is 48531929 composite?
True
Is 45026491 a composite number?
False
Is 1062343 prime?
True
Is 11962519 a prime number?
False
Is 112435949 prime?
False
Is 109663751 a composite number?
False
Is 55222781 prime?
True
Is 29887241 prime?
False
Is 11088181 composite?
True
Is 19331597 a prime number?
True
Is 10012951 composite?
True
Is 2232167 composite?
True
Is 10687 a composite number?
False
Is 917792639 prime?
True
Is 2282867 a prime number?
True
Is 163986143 a composite number?
True
Is 143598011 composite?
True
Is 15185213 a composite number?
False
Is 2073693 prime?
False
Is 4606169 composite?
False
Is 13165871 composite?
True
Is 84098307 prime?
False
Is 13526141 a prime number?
True
Is 9098581 a composite number?
True
Is 16899091 composite?
True
Is 90691871 a composite number?
True
Is 1516883 a prime number?
True
Is 3836887 composite?
False
Is 3654913 prime?
True
Is 263251 a prime number?
False
Is 2965201 a composite number?
True
Is 373501387 composite?
True
Is 42075821 a composite number?
False
Is 1774253 composite?
True
Is 82606391 a composite number?
True
Is 4605437 a prime number?
True
Is 3638347 composite?
True
Is 365737451 composite?
False
Is 73551577 a composite number?
True
Is 224094467 a prime number?
True
Is 23785247 a prime number?
True
Is 218191621 prime?
False
Is 3881233 a composite number?
True
Is 51237163 a composite number?
False
Is 68407613 a composite number?
True
Is 411883 a composite number?
False
Is 8964853 a prime number?
True
Is 82189817 prime?
True
Is 62680973 prime?
True
Is 5852491 a composite number?
True
Is 949157 prime?
False
Is 11791393 a prime number?
True
Is 43304113 a prime number?
True
Is 8328503 a prime number?
False
Is 32773 a prime number?
False
Is 53396791 a composite number?
True
Is 46926773 prime?
False
Is 11982207 composite?
True
Is 9742391 prime?
True
Is 5155357 prime?
False
Is 127066289 composite?
True
Is 15496433 a composite number?
False
Is 10404601 a composite number?
True
Is 2608847 a composite number?
False
Is 169379777 composite?
True
Is 28348961 a prime number?
True
Is 75859373 prime?
True
Is 46963603 a prime number?
True
Is 10068059 composite?
False
Is 13630857 prime?
False
Is 9737503 composite?
True
Is 312826493 a composite number?
True
Is 4594423 a prime number?
False
Is 48276187 prime?
False
Is 73642889 prime?
True
Is 5938579 composite?
True
Is 7552793 a composite number?
False
Is 3791239 a composite number?
True
Is 9041129 a prime number?
True
Is 4506263 prime?
False
Is 22385723 a composite number?
False
Is 21065117 a prime number?
True
Is 529072597 a prime number?
True
Is 196539911 prime?
False
Is 15769097 composite?
False
Is 8307853 a prime number?
False
Is 22566073 composite?
True
Is 5111591 composite?
True
Is 8664701 a composite number?
False
Is 12882901 a composite number?
False
Is 3503243 composite?
True
Is 18017359 prime?
True
Is 55401119 a composite number?
True
Is 701839 composite?
True
Is 33107 composite?
False
Is 2177491 composite?
True
Is 169123 prime?
False
Is 205071019 a prime number?
True
Is 6474434 a prime number?
False
Is 2798449 composite?
False
Is 6362821 composite?
True
Is 2872543 a composite number?
False
Is 79476038 a prime number?
False
Is 459721 a composite number?
True
Is 837799 a composite number?
True
Is 651110293 prime?
False
Is 648563 a composite number?
False
Is 109331 a prime number?
True
Is 2089889 a prime number?
True
Is 22826873 a prime number?
False
Is 63702767 a prime number?
False
Is 3825209 a composite number?
False
Is 318077 composite?
False
Is 5883347 prime?
True
Is 7427087 a composite number?
True
Is 29116651 composite?
False
Is 82980541 composite?
True
Is 468587905 prime?
False
Is 49833697 prime?
True
Is 3976133 composite?
True
Is 9080059 prime?
False
Is 8939257 a composite number?
False
Is 3872042 composite?
True
Is 168221 a prime number?
False
Is 9600531 composite?
True
Is 2433654911 prime?
True
Is 49198733 prime?
False
Is 164843 a prime number?
False
Is 2648807 prime?
False
Is 71362937 composite?
True
Is 124031177 a composite number?
False
Is 526991 prime?
False
Is 75208843 a composite number?
False
Is 6445051 a composite number?
False
Is 14441353 a prime number?
True
Is 2372369 composite?
False
Is 45832531 a composite number?
False
Is 185881771 a prime number?
True
Is 385770029 a prime number?
False
Is 6014893 a composite number?
False
Is 204209857 prime?
False
Is 9978079 a prime number?
True
Is 56210411 composite?
True
Is 1022863 composite?
True
Is 89998089 a composite number?
True
Is 12807071 a prime number?
False
Is 44228573 a prime number?
False
Is 400013167 a prime number?
False
Is 6446957